n divisor of 999 and q.
37
Let c = 6 - 124. Let i = c + 202. Calculate the greatest common divisor of i and 12.
12
Let v = -1603 - -1629. What is the greatest common divisor of 11 and v?
1
Suppose 7896 = 145*v - 4*v. What is the greatest common divisor of v and 2310?
14
Suppose -5*o - 30*o + 1015 = 0. Let t be 585*(2 - 1) - -3. Let u = -385 + t. What is the highest common factor of o and u?
29
Let c = -4227 - -4567. What is the highest common divisor of 68 and c?
68
Let h(t) = t**2 + 7*t + 120. Let d be h(0). Let o be (d/35)/1*49/1. Calculate the highest common divisor of o and 48.
24
Let k be 1824/21 + 345/(-35) + 11. Suppose -2*r - 32 = -4*r. What is the highest common divisor of k and r?
8
Let q = 12 - 28. Let x = q + 41. Suppose 0 = -5*i - x + 155. What is the greatest common divisor of i and 52?
26
Let z = -1412 + 2978. Calculate the highest common divisor of z and 90.
18
Let j be (1 + -2570)/((-6)/153*75/50). What is the greatest common divisor of j and 119?
119
Suppose -943*g = -954*g - 11. Let a be 0 + (-66)/g + (-1092)/(-182). What is the greatest common factor of a and 360?
72
Let k be 8*(31 - 2 - 7). What is the greatest common factor of k and 132?
44
Let d be ((-32)/24*-9)/((-33)/(-110)). Calculate the highest common divisor of 1720 and d.
40
Let i(n) = 2*n**2 - 5*n - 1. Let u be i(4). Let z(x) = x + 3. Let r be z(u). Let o be (r - 1) + (-7 - -4). Calculate the greatest common factor of 110 and o.
10
Let p be (66/24)/(1/44). Let v = -205 + 294. Suppose v = 13*l - 54. What is the greatest common factor of p and l?
11
Let n(a) = -a**2 + 13*a - 24. Suppose -30 = -5*l + 4*r, 3*l + l + r - 45 = 0. Let x be n(l). What is the highest common factor of 294 and x?
6
Suppose 2*a = 2*b - 490, -2*a - 449 = -3*b + 283. Suppose -35 = b*t - 247*t. What is the highest common divisor of 112 and t?
7
Let b(i) be the second derivative of i**5/20 + 13*i**4/12 - 17*i**3/6 + 6*i**2 - 141*i. Let u be b(-14). What is the highest common factor of u and 126?
18
Let o(k) = 4*k**3 + k - 1. Let p be o(1). Suppose 0 = 5*a + p*a + 900. Let t = a - -143. Calculate the highest common divisor of t and 86.
43
Let o be (-422 - 10)/(-12) - (1 - 4). Calculate the greatest common divisor of o and 39.
39
Let u(p) = -87*p - 35. Let g be u(-5). Suppose -9*a - g = -25*a. What is the highest common divisor of 325 and a?
25
Suppose 16*b = 15*b - 84. Let h = 92 + b. What is the greatest common divisor of 8 and h?
8
Suppose 2*b - 26 = -h, 24 = b - 5*h - 0*h. Let x = 158 + -156. Calculate the highest common factor of b and x.
2
Let x(a) = 7*a**2 - 95*a + 141. Let j(h) = 11*h**2 - 143*h + 212. Let t(b) = 5*j(b) - 8*x(b). Let g be t(37). Calculate the highest common divisor of 12 and g.
12
Suppose -2*i - 542 + 106 = -5*r, 5*r = 3*i + 439. Let o = r + -38. Let w be -12*2*(-2)/8. Calculate the greatest common divisor of w and o.
6
Suppose 5*d - 18955 = -5*n, -24*n = 5*d - 25*n - 18943. What is the greatest common factor of d and 18?
9
Let w be 7 - (-4 - -6 - -1). Let f(t) = 2*t**3 - 21*t**2 - 35*t + 16. Let q be f(12). What is the greatest common factor of q and w?
4
Let d be 144/(-1 - -4) - (7 + -3 + -6). Calculate the highest common factor of 68 and d.
2
Let p be (2 + (-2 - 1))*-3. Let t be ((-4)/p)/(3/(-45)*5). Let j be (0 - 418/(-8)) + (-1)/t. Calculate the greatest common factor of j and 13.
13
Suppose -3*l = 6*l - 5*k - 112654, 5*l = 2*k + 62584. Calculate the greatest common divisor of l and 84.
84
Let n = -65 + 98. Suppose -2*l + 3*l = b - 34, 3*b - 98 = -l. Calculate the highest common divisor of n and b.
33
Let f(k) = -58*k + 6. Let r be f(4). Let u = 236 - r. Suppose -4*z - 4*b + 180 = 0, 2*z + 7*b - 10*b - 75 = 0. What is the greatest common divisor of u and z?
42
Let i be -1*(-2 - (-44)/20)*0. Suppose i = -4*g - 5*u + 8*u + 36, g + 2*u = 20. What is the greatest common divisor of g and 300?
12
Suppose 0 = -8*c - 41*c + 1127. Suppose c - 144 = -11*t. Calculate the highest common divisor of t and 341.
11
Let n = -1578 + 2358. Let z be 3/((-27)/n)*240/(-100). What is the greatest common factor of z and 26?
26
Suppose -49*m + 23290 = -26886. What is the highest common divisor of 640 and m?
128
Suppose 748*x - 741*x - 336 = 0. What is the greatest common factor of x and 15132?
12
Suppose 10757 = -9*x + 10865. Let s be ((-64)/(-6))/((-1)/(-3)). What is the highest common divisor of s and x?
4
Suppose 35*b - 18634 = 29*b + 20468. What is the highest common divisor of b and 133?
133
Let d(l) = 13*l + 49. Let b(y) = 5*y + 24. Let o(s) = 10*b(s) - 4*d(s). Let h be o(14). Let f be 4*16 + -2 + 2. Calculate the highest common factor of h and f.
16
Let u(k) = -k**2 + 93*k - 2061. Let i be u(40). Calculate the highest common divisor of i and 9853.
59
Let k be -327*-2*2/6. Suppose -2*p + k = 4*j, 4*p = -5*j - p + 285. Let o = 137 - j. What is the highest common divisor of 34 and o?
17
Suppose 0*g + 126 = 3*g. Suppose -1280*o + 64809 + 62139 = 2294*o - 123232. What is the highest common factor of g and o?
14
Let i = 3876 + -3672. Let w = 101 + -65. Calculate the greatest common divisor of i and w.
12
Let o = -255 + 266. Suppose -o*u - 6 = -12*u. What is the highest common divisor of 9 and u?
3
Suppose -3*j + 4*i + 448 = 0, 0 = 3*j - i - 130 - 306. Suppose -1454*z + 1449*z - 65 = 0, -2*u - z + 23 = 0. Calculate the highest common divisor of j and u.
18
Suppose 0 = -3*j - 2*j - 3*b + 16719, 2*j - 6699 = -5*b. What is the greatest common divisor of 6 and j?
6
Let h be (-15)/6*(-61 + 41). Calculate the greatest common factor of 1980 and h.
10
Let m = 62 + -34. Let g(t) be the third derivative of 7*t**4/6 + 56*t**3/3 + 87*t**2. Let w be g(-3). Calculate the highest common divisor of m and w.
28
Suppose 64*i = 63*i - 3, 5*a - 241 = 2*i. Calculate the highest common factor of a and 10387.
47
Let j be 53 - 1/(-2)*4. Suppose 5 - 3 = -w + 3*o, -4*w + 48 = 2*o. What is the greatest common divisor of j and w?
5
Let a(n) = 2018*n - 2333. Let b be a(9). What is the highest common factor of b and 11?
11
Let o be 1683/(-6)*(-3 - 0)/(468/104). What is the highest common divisor of o and 66?
11
Suppose 14*x - 16 = -450. Let z = 91 + x. Calculate the greatest common divisor of 96 and z.
12
Let g be ((-630)/(-60))/((-1)/(-228)). What is the highest common divisor of 252 and g?
126
Let a = 6481 - 4952. What is the greatest common factor of a and 22?
11
Let z = 38 - 24. Let d be -6 + z - (0 - 1). Suppose 5*h + 33 = d*h - 5*m, -5*h + 4*m + 30 = 0. Calculate the greatest common divisor of h and 16.
2
Suppose -3*n - 2*q = -10, -3*n + 15 = 266*q - 269*q. Calculate the highest common divisor of 318 and n.
2
Let s = -123 - -71. Let a = -88 - s. Let i = a - -38. What is the greatest common divisor of 4 and i?
2
Suppose -8 = -3*s + 25. Suppose -w = x - 4, -2*w + x + 5 = -0. Suppose -w*y + 165 = 4*g, 165 = 2*y + y - 3*g. Calculate the highest common factor of s and y.
11
Let w = 289 + -147. Let k = 216 - w. Calculate the highest common divisor of 37 and k.
37
Let z = 14559 - 1994. What is the greatest common divisor of 35 and z?
35
Let j be 22*(-26)/(-14) + 9/63. Suppose -4*h - m + j = 0, -5*m = -4*h + 10 + 1. Calculate the highest common factor of 171 and h.
9
Let x = -31766 - -36663. Calculate the greatest common divisor of x and 177.
59
Suppose -45 = -4*x + 75. Let a = x - 35. Let v(u) = 2*u + 11. Let q be v(a). What is the greatest common factor of 16 and q?
1
Suppose 9*q = 90 - 72. Suppose 4*s + 68 = 4*x, -7*s = -x - q*s + 1. Calculate the highest common divisor of x and 12.
3
Let o be ((-9256)/(-1))/(-2)*((-15)/20)/1. What is the highest common factor of 78 and o?
39
Let z(c) = 242*c + 1215. Let u be z(-4). What is the greatest common factor of u and 221?
13
Let t be (80/70)/((-3)/(-567)). What is the greatest common divisor of 144 and t?
72
Let o(r) = -13*r - 170. Let z be o(-30). Let l = z - 154. Calculate the greatest common divisor of 132 and l.
66
Let q = 7959 + -3997. Suppose 11*o - q = 2726. What is the highest common factor of o and 32?
32
Suppose 11*x - 23 = 109. Suppose -2*b = -r + 26, r + 5*b + 0*b - x = 0. Let a = 30 + -8. Calculate the greatest common factor of a and r.
22
Let j = 98 - 54. Let u be -4 + 5/1 + (-1 - -4). Let f be ((-22)/u)/((-6)/(-60)*-5). What is the highest common divisor of f